3
Suppose -4*h + 70 = -3*h. Let z be 2 + h + (-5 - -3). Suppose 3*n - 2*w - 80 = -3*w, -4*w = 2*n - z. List the prime factors of n.
5
Let x(d) = -3*d - 30. Let v be x(-11). Suppose 116 = 3*z + w, -4*z + v*w + 170 = z. What are the prime factors of z?
37
Suppose 352 = 4*u - 0*u. Suppose -4*q + 167 = 3*s, u = 3*q - 3*s - 53. List the prime factors of q.
2, 11
Let g(u) = -u**3 - 8*u**2 - u + 21. List the prime factors of g(-11).
5, 79
Suppose -c - 3*a = -277, 4*a - 3*a - 559 = -2*c. Suppose -4*n = 2*s - c, -2*s - 224 = 3*n - 6*n. List the prime factors of n.
2, 3
Let b be -3 + (3 - 4/4). Let t(f) = 65*f**2 - 2*f - 2. List the prime factors of t(b).
5, 13
Let c = -74 + 75. What are the prime factors of (0/c - (4 - 7))*74?
2, 3, 37
Let n(k) = -k**3 - 13*k**2 - 2*k + 15. List the prime factors of n(-17).
5, 241
Suppose 5*n = -w - 16 - 40, -4*n - 4*w = 48. Let z = 1 - n. List the prime factors of z.
2, 3
Suppose -5*o + 70 = g, -6*o + 80 = -2*o - 4*g. Suppose 4*z + o = 9*z. Suppose 0 = 3*a + z*n - 135, 3*n + 90 = 5*a - 143. What are the prime factors of a?
2, 23
Let r be ((-5)/(-2))/((-2)/(-4)). Suppose -21 = -r*g + 4*u, 5*u = -2*g - 4 + 19. Suppose z + 20 = 2*c - 0*c, -20 = g*z. What are the prime factors of c?
2
Suppose -17 = -2*a + 5*z + 103, a = 3*z + 62. What are the prime factors of a?
2, 5
Let x(b) be the first derivative of -1 - 1/2*b**2 + 1/4*b**4 + 3*b**3 + 12*b. List the prime factors of x(-9).
3, 7
Let h(a) = 18*a**2 - 6*a - 3. Let y(o) = -2*o**2 + o + 1. Let g be y(-1). List the prime factors of h(g).
3
Suppose r + 3*r - 564 = 0. Suppose 3*d - r = 5*s + 13, -4 = -s. Let p = d + -21. List the prime factors of p.
37
Let a = -2 + 6. Suppose 10*x - 536 + 76 = 0. Suppose 26 = a*y - x. List the prime factors of y.
2, 3
Let d = -11217 - -16080. What are the prime factors of d?
3, 1621
Suppose 3*u - 18 = 2*c - 0*c, 4*u + 20 = -c. Let q be ((-4)/7)/(c/42). List the prime factors of (2 + (q - 7))/(-1).
3
Let q = 54 - 38. Let j = 16 - q. Suppose -5*c + 23 + 2 = j. List the prime factors of c.
5
Suppose -15 = 4*m - 3*d, 5*d - 16 - 4 = 5*m. Let t = 0 + -1. What are the prime factors of (t - 0)*102/m?
2, 17
Suppose 0 = -6*q + 11*q + 10. Let s(f) = -11*f + 14*f + 1 + 4*f**2 - f**3 - 2*f**2. What are the prime factors of s(q)?
11
Suppose 48*n - 1061 = 11131. What are the prime factors of n?
2, 127
Let m be 3/2 + 5*5/50. Let h(j) = 9*j**3 + 2*j**2 + 2. What are the prime factors of h(m)?
2, 41
Let d(r) = -r**2 - r + 387. Let v be d(0). Let u = -217 + v. List the prime factors of u.
2, 5, 17
Let s = -197 - -447. Let q = s - 128. What are the prime factors of q?
2, 61
Suppose -437 = -5*v + 3*f - 4*f, -3*f + 6 = 0. Let g = v + -11. List the prime factors of g.
2, 19
Let s be (59*4/(-10))/(25/125). Let m = s - -137. What are the prime factors of m?
19
Let l(q) be the second derivative of 2*q**3/3 - 3*q**2/2 - 4*q. Let b be l(2). Suppose 2*w - 52 = b*s, w - 2*s = 6*w - 101. List the prime factors of w.
3, 7
Suppose -15*m - 60 = -19*m. What are the prime factors of 1089/m + 2/5?
73
Let n(i) = -i**3 - 1 + 3 + 6*i + 8*i**2 + 0. Let v be n(9). Let o = v - -44. What are the prime factors of o?
19
Suppose 0 = -3*r + 5*r - 3*y + 96, -215 = 5*r + 5*y. Let z = r - -69. What are the prime factors of z?
2, 3
Let m = -1428 + 3380. List the prime factors of m.
2, 61
Suppose 5*f - 3607 = 2*f - 4*h, 3*f + 5*h - 3605 = 0. What are the prime factors of f?
5, 241
Let y = -1428 - -2052. What are the prime factors of y?
2, 3, 13
Let n = -26 + 32. Let q(x) = x**3 - 4*x**2 - 3*x + 2. What are the prime factors of q(n)?
2, 7
Let f(b) = 3*b - 9 + 3 - 3 - 2*b. Let t be f(14). Suppose x = 5*x + 2*p - 256, -5*x + t*p + 305 = 0. List the prime factors of x.
3, 7
Let k = 2318 - 218. List the prime factors of k.
2, 3, 5, 7
Let g(c) = -2*c**2 + 30*c - 20. Let t be g(14). Let s = -6 + 30. List the prime factors of 70/t + s/(-32).
2
Let q(t) = -t**2 + 27*t - 24. Let b be q(23). Suppose -4*j + 3*f = -85 - 23, f - b = -3*j. What are the prime factors of j?
2, 3
Let h be ((-3)/(-18))/(5/30). Let t be h*7/(4 + -3). Suppose -4*g = -t*g + 168. List the prime factors of g.
2, 7
Let p = -25 + 255. List the prime factors of ((-30)/(-25))/(4/p).
3, 23
Let o(u) = 7*u + 5. Let q be o(3). Suppose -5*j - q = -7*j. List the prime factors of j.
13
Suppose -2*p + 77 - 69 = 0. Suppose -3*q = -5*k + 1648, 0*k + 654 = 2*k + p*q. What are the prime factors of k?
7, 47
Let s = -82 + 233. Suppose 2*z = -x + 33, -x - s = -6*x - 3*z. List the prime factors of x.
29
Let r(i) = -i**3 + i + 2. Let b be r(0). Let c be ((-8 - -5) + -89)*3/(-6). Suppose 0*j - c = -b*j. What are the prime factors of j?
23
Let f be (0 + 7)*(-12)/(-14) - 4. Suppose 4*i - 196 = 2*n - 6*n, f*i = -4. List the prime factors of n.
3, 17
Let k be (-3)/(1*3/9). Let x(i) = -i**2 - 23*i - 11. List the prime factors of x(k).
5, 23
Suppose -5 + 11 = 3*y. Let d = y - -3. Suppose d*t - 6 = 4, 5*x + 2*t - 69 = 0. List the prime factors of x.
13
Let i = 1608 + -1101. What are the prime factors of i?
3, 13
List the prime factors of (-35)/10 + 4 - 2043/(-2).
2, 7, 73
Let b(q) = -2*q**2 + 10*q - 6. Let s be b(6). Let n be 12/54 + (-32)/s. Suppose n*y = 6*y - 8. What are the prime factors of y?
2
Suppose m + l + 30 + 137 = 0, 0 = 3*m - 4*l + 473. Suppose 2*h + h + 360 = -3*f, 5*f + 592 = -3*h. Let a = f - m. What are the prime factors of a?
47
What are the prime factors of ((-13279)/21)/(2/(-6))?
7, 271
Suppose -8419 = -36*p + 3713. List the prime factors of p.
337
Suppose -2*x = -2*k + 22, 3*k - 47 = -2*k + 3*x. Suppose -25 = -k*l + 283. Suppose 3*i = -i + l. What are the prime factors of i?
11
Let r(a) = -a + 7. Let i = 37 - 32. Let w be r(i). Suppose -236 = w*b - 6*b. What are the prime factors of b?
59
Let g = -2075 + 3390. List the prime factors of g.
5, 263
Suppose -5*l + 3*k + 14 = 0, 5*l - k = 22 - 4. Suppose 11*i = l*i + 273. Let f = i - 32. List the prime factors of f.
7
Let i = 4 + 1. Suppose 4*n = i*b + 26, -b = 4*n - 0*b - 14. Suppose -o = o - n*h - 36, 0 = 2*o - 2*h - 34. List the prime factors of o.
2
Let x(f) = 138*f**3 - f**2 + 2*f - 1. Let i be x(1). Let t be 2*1 + (7 - 7). Suppose -t*l - 2*k = -38, -4*k = -5*l - 7 + i. List the prime factors of l.
23
List the prime factors of (107 - 116)/(3/(-670)).
2, 3, 5, 67
Suppose -6*w = -4*a - 2*w + 880, -3*w - 1094 = -5*a. List the prime factors of a.
7, 31
Let c = 42 + -5. What are the prime factors of c?
37
Let u(k) = k**2 - 4*k + 9. Let f be u(4). Let d(s) = 2*s**2 - 11*s + 32. List the prime factors of d(f).
5, 19
Let i = -11 + 10. Let c = i + 3. Suppose c*w + 3*w - 35 = 0. List the prime factors of w.
7
Let t(l) = -l**3 + 3*l**2 + 43. What are the prime factors of t(-14)?
3, 5
Let x = 46 - 47. List the prime factors of (7 + 123)*x/(-2).
5, 13
Suppose 101 = 4*p - 427. Let m be (14/4)/(6/p). Let y = m - 35. List the prime factors of y.
2, 3, 7
Let u(l) = -18*l - 14. Let s(z) = -5*z**2 - 18*z. Let h be s(-4). List the prime factors of u(h).
2, 5, 13
Let o(q) = -2*q - 16. Let s be o(-9). Suppose -107 - 187 = -s*h. What are the prime factors of h?
3, 7
Suppose 0 = 5*z - 3*z. Suppose 4*y - 3*y + 5 = z. What are the prime factors of (-27 + 2)/(y/5)?
5
Let p(q) = q**3 - 8*q**2 - 9*q - 1. Let g be p(10). Let h = g - 25. What are the prime factors of h?
2, 3, 7
Let k be 5*(-5)/(-75)*3. List the prime factors of -66*k/(-4)*(8 - 4).
2, 3, 11
Suppose 10*h - 6246 - 1204 = 0. List the prime factors of h.
5, 149
Let n(w) = w + 158. Suppose -3*y = -y. Let f be n(y). Suppose -4*u - 3*b = -204, 3*u + b = -0*b + f. List the prime factors of u.
2, 3
Let f = 6617 + -3386. List the prime factors of f.
3, 359
Suppose -3*x + 2100 = 3*u, -3*u - x + 1135 = -973. What are the prime factors of u?
2, 11
Suppose 0 = -14*y + 4595 + 459. List the prime factors of y.
19
Let h = 675 + -233. List the prime factors of h.
2, 13, 17
Let o = -2 - -2. Suppose -c + 279 = k + k, o = -c - 3. What are the prime factors of k?
3, 47
Suppose 19*q = 22*q + 2562. List the prime factors of 5/(-2)*q/35.
61
Let o(s) = s + 1. Let t(v) = 3*v + 2. Let m(g) = -7*o(g) + 2*t(g). Let f be m(-8). Let i = 26 - f. What are the prime factors of i?
3, 7
Let b = -17 - 16. Suppose -2*j + 118 + 34 = 0. Let p = j + b. List the prime factors of p.
43
Let m be (